= 37 + l. Calculate the highest common divisor of 40 and s.
20
Let h be (1/(-3))/(3/9). Let x = h - -2. Calculate the greatest common divisor of 11 and x.
1
Let a(t) = t**2 - 11*t + 34. Let d be a(7). Calculate the highest common factor of d and 6.
6
Let j = -119 - -314. What is the highest common divisor of 15 and j?
15
Let p(d) = 19*d**2 + 2*d. Let g be p(1). Calculate the greatest common factor of g and 35.
7
Suppose 3 - 19 = -4*d. Suppose -2*a + 3*a = 2. Suppose 2*r - a*x - 78 = 0, -58 = -2*r - 3*x + 45. What is the greatest common factor of d and r?
4
Let o = 232 - 142. Suppose f = b - 15, 4*f = 5*b + 2*f - o. Suppose p - 12 = 8. Calculate the highest common divisor of b and p.
20
Suppose -2*d + 147 = 5*d. Calculate the highest common factor of 14 and d.
7
Suppose -4 = -0*b - 2*b. Let r = b + 7. Let v = -1 + r. What is the highest common divisor of 8 and v?
8
Let r = 131 - 89. Suppose 3*k - 4*k = -4. Suppose -9 - 3 = k*l, 5*l + 43 = 2*q. Calculate the highest common factor of r and q.
14
Suppose 5*s = o - 5*o + 38, 15 = o + 4*s. Let n = -55 - -111. What is the highest common factor of n and o?
7
Let l be ((-4)/3)/(3/(-18)). Let v be -1 - 12/8*-6. Calculate the greatest common factor of v and l.
8
Let n = -63 - -68. Let l = 58 - 33. Calculate the greatest common divisor of n and l.
5
Let h(d) = d**3 - d + 9. Let w be h(0). Let r be (w/(-6))/(2/(-12)). Suppose 16*t - 19*t + 3 = 0. Calculate the greatest common factor of r and t.
1
Let o(i) = i + 4. Suppose 1 = -q + 2*c, -1 = 2*c - 5. Let v = q - 0. Let z be o(v). What is the highest common factor of 35 and z?
7
Let v be (3 + 2)*22/2. Let l = 176 - v. Calculate the highest common divisor of 11 and l.
11
Let n be -1 - 1 - (-1 - -3). Let j = n - -10. What is the greatest common factor of j and 6?
6
Let h(b) = 12*b - 3. Let d be h(-4). Let s be (d/9)/1*-3. What is the highest common divisor of s and 136?
17
Let u(m) = 2*m - 12. Let l be u(6). Suppose t = -5*q - l*q + 56, 2*q - t = 28. Calculate the greatest common divisor of 96 and q.
12
Let r be (2 - 0) + -1 + 2. Suppose -90 = -0*d - r*d. What is the highest common divisor of 12 and d?
6
Suppose -4 = t - 3*k, -5*t + 2*t - 5*k = -16. Calculate the greatest common divisor of 22 and t.
2
Let q(l) = -l**3. Let u be q(-1). Let m be 5/(3 - (1 + u)). Suppose 3*j + m = 11. Calculate the highest common factor of 2 and j.
2
Let k(m) = -m**3 - 5*m**2 - 6*m - 10. Let p be k(-5). Let z be (-1 + -1)/(-2)*5. Calculate the greatest common factor of p and z.
5
Suppose -5*i - 6*z = -z - 45, 0 = -i + 4*z - 16. Suppose 5*t - i*b + b = 220, 132 = 3*t + 5*b. What is the highest common factor of t and 110?
22
Suppose 11*g - 6*g - 135 = 0. Calculate the highest common divisor of g and 297.
27
Let m = 33 - -5. Let u = m - 19. What is the greatest common factor of 171 and u?
19
Let a be 2 - -1 - 6/(-3). Suppose 24 = -n + a*n. What is the greatest common factor of n and 30?
6
Let g(k) = -9 + 4 - 1 + 3 - 3*k. Let a be g(-4). What is the highest common divisor of a and 9?
9
Let g be (14/(-4))/((-3)/(-6)). Let f(h) = 3*h**2 - 2*h + 1. Let t be f(g). What is the greatest common factor of 18 and t?
18
Let m(a) = -7*a + 3. Let z be m(2). Let t = 6 + z. Let k = 11 + t. What is the greatest common divisor of k and 48?
6
Let i = -96 + 58. Let h = i - -302. Calculate the highest common divisor of h and 24.
24
Let n(j) = -j**3 - 9*j**2 + 6*j + 4. Let l be n(-5). Let f = -56 - l. Suppose f = -2*p + 4*p. Calculate the greatest common divisor of 7 and p.
7
Let r = -11 + -35. Let i = r + 91. Suppose -3*a + 2*w - 6*w + 33 = 0, 0 = 4*a + 2*w - 54. Calculate the highest common divisor of i and a.
15
Let h(r) = -r - 8. Let b be h(-10). Suppose 4*q + 604 = g + 4*g, -b*g + 245 = -5*q. What is the highest common divisor of g and 15?
15
Suppose -3*b = 2*b - 15. Let h be (-32)/(-3)*b/2. What is the highest common factor of 144 and h?
16
Let u be 8/(-10)*15/(-6). Suppose -7*v + 85 = -u*v. Suppose 0 = -z - 3*w + v, 4*z + 4*w + 17 = 9*w. Calculate the greatest common factor of z and 8.
2
Let f be (-5)/(-1)*(-48)/(-3). Suppose -40 = -3*m + 2*i, 0*i - 4*i + 32 = m. What is the highest common factor of f and m?
16
Let s(x) = 5*x - 26. Let t be s(8). Suppose -24 = -2*m + 4. Calculate the highest common divisor of m and t.
14
Let v(o) = o**3 - o + 3. Let d be v(3). Let m(i) = 3*i - 3. Let l be 30/7 + (-4)/14. Let h be m(l). Calculate the greatest common factor of h and d.
9
Let b(t) = 2*t**2 + t**3 - t - 6*t**2 + 12 + 3*t**2. Let y be b(0). Suppose -10*q + 390 = -570. Calculate the highest common divisor of y and q.
12
Suppose -b = 2*b + 57. Let x = 85 + b. Suppose m = -a + x, 4*m + a = -m + 318. Calculate the highest common factor of m and 9.
9
Suppose 5*c - 35 = c + 5*k, -2*k = -2*c + 16. What is the highest common factor of 20 and c?
5
Let v(y) = -9*y - 1. Let z be v(1). Let l be (-4)/(-2)*(-135)/z. What is the greatest common divisor of 18 and l?
9
Suppose 16 = -2*b + 6*b. Suppose -5*k + 101 = -b. Let l be ((-24)/20)/(4/(-10)). What is the greatest common divisor of l and k?
3
Let j be 0 + -3 + (-1 - -6). Suppose w = -q + 3*w + 3, -2*q = 4*w - 14. What is the highest common factor of q and j?
1
Suppose -3*l - 5*t + 22 = 0, 12 = 4*l + t - 3*t. Suppose n - 35 = 4. Let h = 55 - n. Calculate the greatest common divisor of l and h.
4
Let v be -1 + 54 - (8 - 4). What is the highest common divisor of v and 14?
7
Let j(z) = -z**3 - 9*z**2 - 12*z - 9. Let n be j(-8). What is the highest common divisor of n and 69?
23
Let n(p) = 11*p - 1. Let u(j) = j + 3. Let z be u(-2). Let k be n(z). Calculate the highest common factor of k and 110.
10
Let b be 16/5*220/8. What is the greatest common factor of b and 11?
11
Suppose -49 = -3*n + 5*z, -z + 3*z + 17 = n. Suppose 5*h - 213 = -18. What is the highest common factor of h and n?
13
Let w = -1 - -13. Calculate the greatest common divisor of 8 and w.
4
Suppose 5*x = 3*m - 61, 106 = m + 4*m - 4*x. Suppose 4 = 5*v + 2*k - 6, -3*v = 3*k - 6. Suppose v*p - 6 = -p. What is the greatest common divisor of p and m?
2
Let w(u) = -6*u - 8. Let q be w(-6). What is the highest common divisor of 42 and q?
14
Let j be 4 + -3 + (1 - -2). Let p(c) = 11*c**2 + 4*c - 2. Let o be p(j). What is the greatest common factor of o and 19?
19
Suppose -88 = -6*c + 2*c. Calculate the greatest common factor of c and 55.
11
Suppose 10 = 3*n - 8*n, 0 = 4*r - n - 42. What is the highest common factor of r and 25?
5
Suppose 4*w - 32 - 72 = -5*h, -5*h + 95 = -5*w. What is the greatest common divisor of h and 50?
10
Let r = 16 - 8. Let m be (1 - 6/(-9))*12. What is the highest common factor of r and m?
4
Suppose 0 = -4*z + 4*x - 2*x + 58, 0 = -5*z + 4*x + 80. Let y(s) = -2*s + 21. Let f be y(13). Let k = z + f. Calculate the greatest common divisor of k and 14.
7
Let t(p) = -p**3 - p**2 + p. Let d be t(-2). Let c = 9 + -7. What is the greatest common divisor of d and c?
2
Let j(z) = z**3 + 13*z**2 + 12*z + 7. Let r be j(-12). Let v = r + 2. Let k = 39 - 3. What is the greatest common factor of k and v?
9
Let a = 18 + -15. Suppose -a*h + 15 = -4*r - 18, -h + 4*r + 3 = 0. What is the greatest common divisor of 135 and h?
15
Let r = 51 - -48. What is the highest common factor of r and 11?
11
Let a(b) = 3*b - 9. Let o be a(6). What is the highest common factor of 6 and o?
3
Suppose -a + 892 = 3*a. Let d = -157 + a. What is the highest common divisor of d and 6?
6
Let l = -37 - -64. Calculate the greatest common factor of 18 and l.
9
Suppose c + g + 14 = -2*g, 4*c - 3*g - 19 = 0. What is the greatest common factor of 11 and c?
1
Suppose d = -0*d + 3, -d = -5*z + 12. Suppose 3*q = 5*s - 938, -2*s - 3*q = -z*s + 190. Calculate the greatest common divisor of 17 and s.
17
Suppose -r + 6*r = 380. Suppose 0*a = a - r. Calculate the highest common divisor of 19 and a.
19
Suppose -z + 0*z - 1 = 2*x, 2*x + 31 = 5*z. Suppose -f - 3 = 2*n - z*n, 0 = f + 2*n - 22. What is the greatest common factor of f and 84?
12
Let f(u) = 2*u**2 + 3*u - 6. Let g be f(-5). Let v(i) = -12*i - 7. Let d be v(-3). What is the highest common divisor of g and d?
29
Let m(c) = 3*c**3 - 4*c**2 - 2*c + 6. Let f be m(4). What is the highest common divisor of 14 and f?
14
Let d(o) = o**2 + 14*o + 37. Let n be d(-13). Let g be (-956)/(-1